it of i?
2
Let k(i) = 2*i**2 + 22*i - 19. Let z be k(-12). Suppose n + 212 = 2*n - 4*x, -z*n + 4*x = -1092. What is the tens digit of n?
2
Suppose 0 = -3*s - 5*o + 29, 4*o + 21 = s - 0*o. Let v = 22 - s. What is the units digit of v?
9
Suppose 5*w + 5*a - 465 = 0, 49*a - 50*a - 372 = -4*w. What is the units digit of w?
3
Let g(h) = -h**2 - 6*h - 5. Let r be g(-3). Suppose -r*c = 2*x - 134, 3*x + 4*c = 5*c + 222. What is the tens digit of x?
7
Suppose 4*h + 456 = -0*h. Let d = 534 - 583. Let v = d - h. What is the tens digit of v?
6
Suppose -10*z - 4 = -11*z. Suppose -3*k + 7 + 29 = -2*a, -a = -z*k + 48. What is the tens digit of k?
1
Let n be (-1)/2*(1 + 1). Let z(s) = 4*s**2. Let c be z(n). Suppose 39 + 9 = c*t. What is the units digit of t?
2
Suppose 0 = -4*f - 3*p + 42, -4*p + 32 - 6 = 2*f. What is the tens digit of f/12 - 594/(-8)?
7
What is the units digit of ((-2)/2 + -77)/(134/(-1273))?
1
Let j be ((-350)/(-15))/(1/(-3)). Let o be j/4*(-44)/77. What is the tens digit of (59/(-2))/(o/(-20))?
5
What is the tens digit of (3*(-30)/(-54))/5*11211?
3
Suppose -33*x - 4092 = -45*x. What is the tens digit of x?
4
Let b(o) = -o + 11. Let t be b(10). Suppose 0 = p - 4 + t. Suppose 0 = 3*i - p*r - 36, r - 3*r + 31 = 3*i. What is the units digit of i?
1
What is the units digit of (3/(-9))/((-22)/36564)?
4
Let j be 8/(-8)*(-2 + 2). Suppose -q - 5*c + 28 = j, q + 0*c - 32 = -4*c. What is the units digit of q?
8
Let t(w) be the second derivative of -w**6/60 + w**5/30 - w**3/6 + 4*w**2 - 7*w. Let x(u) be the first derivative of t(u). What is the tens digit of x(-3)?
7
Let t = 1388 - -706. What is the tens digit of t?
9
Suppose l - 15 - 1 = 0. Let d = 35 - l. Suppose k + 4 = d. What is the units digit of k?
5
Let f(q) = -18*q + 1. Let o be 79/(-9) + 12/(-54). What is the tens digit of f(o)?
6
Let k be (8/(-6))/((-11)/330). Let i be 16/88 + k/22. What is the tens digit of ((-20)/6)/(i/(-9))?
1
Suppose 5*q = -20, -t + 3*t - 588 = -q. Suppose 2*z + 3*z - 4*m = t, -4*m = 5*z - 264. What is the units digit of z?
6
Let w(b) = -2*b**3 + 7*b**2 - b + 4. Let m be w(3). Let t = m + 83. What is the units digit of t?
3
Let f(a) = -a**3 + 7*a**2 - a - 3. Let p be f(7). Let s be (-574)/(-4) - 5/p. Suppose 0 = 2*z - 5*b + 67 - 178, 3*z - s = 3*b. What is the units digit of z?
3
Let p(k) be the third derivative of 3*k**4/4 + 7*k**3/6 - 26*k**2. What is the tens digit of p(5)?
9
Let l(w) = 10*w**2 + 17*w. What is the units digit of l(-3)?
9
Suppose 16*w - 12348 = -2*w. What is the units digit of w?
6
Let p(r) = -25*r - 18. Let l be p(-5). Let z = 53 + l. What is the tens digit of z?
6
What is the tens digit of (4 - 1) + 388 + 63?
5
Let s(d) = -d**2 - 3*d + 1. Let o be s(-5). Let j(r) = -6*r + 12. What is the tens digit of j(o)?
6
Suppose 0 = -4*o - 3 + 7. Let i = 14 - o. Let b = 22 - i. What is the units digit of b?
9
Let h(i) = -i**2 + 8*i + 23. What is the tens digit of h(6)?
3
Let j(z) = z**3 + 18*z**2 - 28*z + 6. What is the units digit of j(-18)?
0
Let l be (-2)/3 + (-33)/(-9). Let y be (-2)/l + 24/36. Suppose y*j = 4*j - 4. What is the units digit of j?
1
Suppose 3*y = 0, 4*i - 58*y - 6440 = -57*y. What is the tens digit of i?
1
Suppose 0 = -5*f + 3*d - 0*d - 27, -24 = 4*f - 3*d. Let g(h) = h + 7. Let t be g(-5). What is the tens digit of -1 - ((-28)/t + f)?
1
Let a = 3254 + -432. What is the tens digit of a?
2
Let g be 3 - (4/12)/(2/36). What is the tens digit of (4 + g)/(4*2/144)?
1
Let z = 16 + -14. Let w(i) = 24*i**2 - 4*i - 1. What is the tens digit of w(z)?
8
What is the units digit of (-1 + (-1459)/4)/((-25)/100)?
3
Let v = 504 - 487. Let b(l) = l**2 - 3*l + 4. Let d be b(-4). Let n = d + v. What is the units digit of n?
9
Suppose -3*i + 20 = 5. Suppose -130 - 38 = -4*b - 4*p, -210 = -i*b + 5*p. What is the tens digit of b?
4
Let v(p) = -p**3 + 34*p**2 - 23*p - 69. Let h(l) = 2*l**3 - 69*l**2 + 46*l + 138. Let b(o) = 4*h(o) + 9*v(o). What is the units digit of b(29)?
5
Suppose 0 = 4*c - 3*c - 4. Suppose -c*w = -136 - 272. What is the units digit of w?
2
What is the tens digit of (4284/10)/((-42)/(-140))?
2
Let p be (18 - 20) + 795 + -1 + 0. What is the tens digit of (-5 - p/(-28)) + 2/(-7)?
2
Let a(o) = 29*o + 17. What is the hundreds digit of a(5)?
1
Let w be (3 + 1)/(4/6). Suppose 0 = -3*f + 147 - w. What is the tens digit of f?
4
Let i(z) = 6*z**2 + 4*z - 4. Let c = 12 - -76. Let m be 280/c - 4/22. What is the tens digit of i(m)?
6
Let u(h) = -h**2 - 6*h + 10. Let r be u(-7). Suppose 38 - 125 = -d - r*b, 4*d = 3*b + 333. What is the tens digit of d?
8
Let n(s) = -15*s + 6. What is the hundreds digit of n(-8)?
1
Let x = -3610 + 7602. What is the hundreds digit of x?
9
Suppose -2159 = -4*u + b, 0*u = 3*u + 5*b - 1602. What is the hundreds digit of u?
5
Let q = 21 - -179. What is the units digit of q?
0
Let n be (-4 - 5 - -1)/(-2). Suppose 0 = -m - 5*k + 75, n*m - 5*k = 123 + 52. What is the units digit of m?
0
Suppose -3*b + 72 = -48. Suppose 4*x = -x + b. Let g = x - -6. What is the units digit of g?
4
Let f = 1534 + -965. What is the hundreds digit of f?
5
Let f be 2*2/(-4)*-1*4. Suppose -64 = -y + r, 2*r = -f*y + r + 261. What is the units digit of y?
5
What is the tens digit of (-2402)/(-15) + (-6)/45?
6
Let s = 13250 - 8544. What is the hundreds digit of s?
7
Suppose -5*y - 214 = 36. Let v = 47 - y. What is the tens digit of v?
9
Suppose 19*k = a + 17*k - 2009, 4*k = -4*a + 8084. What is the thousands digit of a?
2
Suppose -2*y = y - 60. Suppose 23*c = y*c + 102. What is the tens digit of c?
3
Let w = -75 + 84. Suppose -w*h + 438 = -3*h. What is the tens digit of h?
7
Let r(d) = -12*d + 309. What is the tens digit of r(-42)?
1
Suppose -2*o + 965 = -m, 2*m + 300 - 1274 = -2*o. What is the units digit of o?
4
Let p(m) = -6*m**2 - 9*m - 12. Let q(v) = -17*v**2 - 26*v - 38. Let h(c) = -7*p(c) + 2*q(c). What is the units digit of h(-6)?
0
Let u(y) = -6*y**3 + 24*y**2 - 12*y - 15. Let o(c) = 5*c**3 - 22*c**2 + 12*c + 15. Let g(q) = 5*o(q) + 4*u(q). Let s = 26 - 13. What is the units digit of g(s)?
2
Let f(q) = 18*q + 1. Suppose -21*w + 22*w = 3. What is the tens digit of f(w)?
5
Let v be 8/10*20/4. Suppose -77 = -5*t + 28. Suppose v*a = t + 15. What is the units digit of a?
9
Let r = -177 - -277. What is the hundreds digit of r?
1
Let d = -3743 - -7259. What is the tens digit of d?
1
Suppose 4*r - 7061 = 5*o + 5852, -3*r = 2*o - 9679. What is the hundreds digit of r?
2
Let c(n) = 108*n**2 - 32*n + 140. What is the hundreds digit of c(5)?
6
Let y be 384/27 + (-2)/9. Suppose 3*g = 2*c + y, -3*g + 6*g = -c + 2. What is the tens digit of ((-10)/20)/(g/(-152))?
3
Suppose x - 2*a = -x + 18, 3*x + a = 11. Suppose 4*b = x*y + 262, 10*b - 336 = 5*b + 2*y. What is the units digit of b?
8
What is the units digit of 695/30*(-13)/((-65)/30)?
9
Let y = 699 + -372. What is the tens digit of y?
2
Let i be 0/(-3) - 9/(54/(-12)). Suppose -2 = -2*m + 2*l + 4, -5*l = 15. Suppose m = t - i*t + 46. What is the units digit of t?
6
Suppose -7*w = -16*w + 8352. What is the tens digit of w?
2
Suppose -15 = -0*n + 3*n. Let o be n/(-15)*0*-1. Suppose 4*g - 219 - 93 = o. What is the tens digit of g?
7
Suppose -6*i - c = -5*i - 96, 0 = 4*i + c - 390. Suppose -37 + i = j. What is the units digit of j?
1
Let d(s) = 141*s + 131. What is the tens digit of d(8)?
5
Let x(u) = -198*u - 302. What is the units digit of x(-4)?
0
Let r(p) = -2*p**3 - p**2 - p + 1. Let s be r(-2). Suppose -4*k + 3*k = -2. What is the tens digit of k*s*6/9?
2
Let z = 130 + -106. Suppose -5*c - 3*p + z + 9 = 0, 2*p = c - 17. What is the units digit of c?
9
Suppose -3*j + 2702 = -4*m, 9*m - 6*m - 1824 = -2*j. What is the tens digit of j?
0
Let t = -49 - -104. What is the units digit of t?
5
Let v(n) = 50*n**2 + 3*n + 2. Let x be v(-2). Let q be x/(-7) + 1*-2. Let d = q + 55. What is the tens digit of d?
2
Let g(w) be the second derivative of -w**4/12 - 7*w**3/6 + 2*w**2 - w. Let j be g(-9). Let m = j + 37. What is the tens digit of m?
2
What is the tens digit of (-12*42/9)/(3/(-6))?
1
Suppose -1036 = -3*j - 5*i, -6*j + 5*j + 4*i = -368. Suppose -j = -4*d + 204. What is the hundreds digit of d?
1
Let l(k) be the second derivative of k**7/2520 + k**6/240 + k**5/60 - k**4/2 - 4*k. Let f(i) be the third derivative of 